r when 345 is divided by 50.
45
What is the remainder when 668 is divided by 11?
8
What is the remainder when 697 is divided by 180?
157
What is the remainder when 39 is divided by 25?
14
Calculate the remainder when 1673 is divided by 121.
100
Calculate the remainder when 457 is divided by 17.
15
Calculate the remainder when 1096 is divided by 157.
154
What is the remainder when 138 is divided by 17?
2
What is the remainder when 229 is divided by 39?
34
What is the remainder when 766 is divided by 97?
87
What is the remainder when 987 is divided by 159?
33
What is the remainder when 1029 is divided by 263?
240
Calculate the remainder when 1581 is divided by 33.
30
What is the remainder when 222 is divided by 57?
51
What is the remainder when 49 is divided by 8?
1
What is the remainder when 971 is divided by 27?
26
What is the remainder when 3709 is divided by 16?
13
What is the remainder when 9621 is divided by 55?
51
Calculate the remainder when 9132 is divided by 19.
12
Calculate the remainder when 176 is divided by 46.
38
Calculate the remainder when 16629 is divided by 66.
63
What is the remainder when 282 is divided by 13?
9
Calculate the remainder when 785 is divided by 2.
1
What is the remainder when 2679 is divided by 8?
7
Calculate the remainder when 39 is divided by 7.
4
What is the remainder when 396 is divided by 89?
40
Calculate the remainder when 2312 is divided by 16.
8
What is the remainder when 516 is divided by 26?
22
What is the remainder when 2247 is divided by 9?
6
What is the remainder when 315 is divided by 109?
97
Calculate the remainder when 111 is divided by 15.
6
What is the remainder when 509 is divided by 132?
113
What is the remainder when 466 is divided by 7?
4
What is the remainder when 37 is divided by 8?
5
What is the remainder when 3119 is divided by 52?
51
Calculate the remainder when 77 is divided by 6.
5
What is the remainder when 512 is divided by 107?
84
Calculate the remainder when 185 is divided by 47.
44
Calculate the remainder when 2627 is divided by 12.
11
What is the remainder when 27 is divided by 9?
0
What is the remainder when 86 is divided by 27?
5
What is the remainder when 228 is divided by 49?
32
What is the remainder when 581 is divided by 49?
42
Calculate the remainder when 190 is divided by 30.
10
Calculate the remainder when 174 is divided by 36.
30
What is the remainder when 430 is divided by 73?
65
Calculate the remainder when 45 is divided by 16.
13
Calculate the remainder when 10786 is divided by 87.
85
Calculate the remainder when 52 is divided by 27.
25
Calculate the remainder when 52 is divided by 22.
8
Calculate the remainder when 290 is divided by 121.
48
What is the remainder when 382 is divided by 2?
0
Calculate the remainder when 1057 is divided by 179.
162
Calculate the remainder when 52 is divided by 46.
6
Calculate the remainder when 1095 is divided by 23.
14
Calculate the remainder when 69 is divided by 22.
3
Calculate the remainder when 137 is divided by 14.
11
What is the remainder when 262 is divided by 45?
37
Calculate the remainder when 589 is divided by 213.
163
What is the remainder when 726 is divided by 104?
102
Calculate the remainder when 114 is divided by 71.
43
Calculate the remainder when 480 is divided by 22.
18
What is the remainder when 149 is divided by 48?
5
What is the remainder when 3675 is divided by 916?
11
Calculate the remainder when 187 is divided by 100.
87
What is the remainder when 6767 is divided by 3378?
11
What is the remainder when 55 is divided by 20?
15
Calculate the remainder when 1530 is divided by 44.
34
Calculate the remainder when 30 is divided by 17.
13
Calculate the remainder when 602 is divided by 80.
42
What is the remainder when 21 is divided by 4?
1
Calculate the remainder when 1983 is divided by 62.
61
What is the remainder when 224 is divided by 15?
14
What is the remainder when 521 is divided by 195?
131
What is the remainder when 125 is divided by 33?
26
Calculate the remainder when 2242 is divided by 102.
100
What is the remainder when 4291 is divided by 74?
73
Calculate the remainder when 263 is divided by 12.
11
Calculate the remainder when 994 is divided by 10.
4
Calculate the remainder when 5478 is divided by 82.
66
What is the remainder when 97 is divided by 51?
46
Calculate the remainder when 1711 is divided by 66.
61
Calculate the remainder when 1721 is divided by 1.
0
Calculate the remainder when 550 is divided by 201.
148
What is the remainder when 3857 is divided by 20?
17
What is the remainder when 8966 is divided by 527?
7
What is the remainder when 581 is divided by 137?
33
Calculate the remainder when 76 is divided by 20.
16
Calculate the remainder when 245 is divided by 42.
35
What is the remainder when 536 is divided by 98?
46
What is the remainder when 3678 is divided by 308?
290
What is the remainder when 957 is divided by 24?
21
Calculate the remainder when 132 is divided by 27.
24
What is the remainder when 122 is divided by 23?
7
What is the remainder when 74 is divided by 13?
9
Calculate the remainder when 327 is divided by 118.
91
What is the remainder when 390 is divided by 286?
104
What is the remainder when 154 is divided by 29?
9
What is the remainder when 161 is divided by 83?
78
Calculate the remainder when 2752 is divided by 81.
79
What is the remainder when 76 is divided by 56?
20
What is the remainder when 406 is divided by 203?
0
Calculate the remainder when 2116 is divided by 44.
4
What is the remainder when 2694 is divided by 885?
39
What is the remainder when 2181 is divided by 91?
88
What is the remainder when 965 is divided by 16?
5
What is the remainder when 38 is divided by 13?
12
Calculate the remainder when 41 is divided by 34.
7
What is the remainder when 21 is divided by 12?
9
Calculate the remainder when 219 is divided by 76.
67
Calculate the remainder when 2224 is divided by 24.
16
Calculate the remainder when 147 is divided by 15.
12
What is the remainder when 537 is divided by 54?
51
Calculate the remainder when 3147 is divided by 210.
207
Calculate the remainder when 16014 is divided by 22.
20
What is the remainder when 188 is divided by 4?
0
What is the remainder when 1358 is divided by 45?
8
Calculate the remainder when 182 is divided by 48.
38
What is the remainder when 1631 is divided by 68?
67
What is the remainder when 6764 is divided by 101?
98
What is the remainder when 223 is divided by 9?
7
What is the remainder when 131 is divided by 68?
63
What is the remainder when 394 is divided by 191?
12
What is the remainder when 539 is divided by 27?
26
What is the remainder when 1040 is divided by 30?
20
Calculate the remainder when 61 is divided by 21.
19
What is the remainder when 151 is divided by 22?
19
Calculate the remainder when 394 is divided by 5.
4
Calculate the remainder when 1435 is divided by 29.
14
What is the remainder when 137 is divided by 33?
5
What is the remainder when 259 is divided by 26?
25
Calculate the remainder when 1067 is divided by 89.
88
Calculate the remainder when 494 is divided by 30.
14
What is the remainder when 933 is divided by 52?
49
Calculate the remainder when 62 is divided by 21.
20
Calculate the remainder when 1135 is divided by 16.
15
What is the remainder when 62 is divided by 33?
29
What is the remainder when 474 is divided by 232?
10
What is the remainder when 445 is divided by 16?
13
What is the remainder when 90 is divided by 17?
5
Calculate the remainder when 227 is divided by 102.
23
What is the remainder when 655 is divided by 329?
326
What is the remainder when 303 is divided by 61?
59
Calculate the remainder when 5821 is divided by 36.
25
Calculate the remainder when 2384 is divided by 77.
74
What is the remainder when 382 is divided by 17?
8
Calculate the remainder when 78 is divided by 40.
38
Calculate the remainder when 178 is divided by 62.
54
Calculate the remainder when 3014 is divided by 333.
17
What is the remainder when 255 is divided by 4?
3
Calculate the remainder when 2658 is divided by 33.
18
Calculate the remainder when 863 is divided by 293.
277
Calculate the remainder when 326 is divided by 125.
76
Calculate the remainder when 375 is divided by 13.
11
What is the remainder when 151 is divided by 92